41
In base 3, what is 100220102010022 - 11?
100220102010011
In base 5, what is 114 + -100113011?
-100112342
In base 13, what is 7a5 - 2315?
-1840
In base 16, what is -1f3c3 + 1?
-1f3c2
In base 13, what is 39 - 161c48?
-161c0c
In base 13, what is 3 + 1c7c2249?
1c7c224c
In base 4, what is 11331211132322 - -3?
11331211132331
In base 8, what is -3 - -5571474?
5571471
In base 11, what is 60155 - -591?
60736
In base 9, what is 6 + 2725536?
2725543
In base 12, what is 117938 - 2?
117936
In base 8, what is 560 + 2702246?
2703026
In base 14, what is -cc2d + -75?
-cca4
In base 14, what is -4c + 1cd00?
1cc92
In base 5, what is 12441441 + 3104?
13000100
In base 12, what is aa9 + 66294?
67181
In base 6, what is 5 - -1051502341?
1051502350
In base 7, what is 6 - 1331051?
-1331042
In base 16, what is 789 - 2f64?
-27db
In base 2, what is 100110100100 + 10001010000001?
10110000100101
In base 16, what is -13fe53 + -1?
-13fe54
In base 10, what is 2292 - 188353?
-186061
In base 9, what is -5 + -6621616?
-6621622
In base 8, what is -414521 - -22567?
-371732
In base 8, what is 315706712 + -7?
315706703
In base 8, what is 73245 + 1177?
74444
In base 9, what is -4 + 21245785?
21245781
In base 7, what is -156261644 - -4?
-156261640
In base 9, what is -3 + -580155482?
-580155485
In base 3, what is -200122022121102 + 2?
-200122022121100
In base 16, what is c9 - -1823e?
18307
In base 9, what is 2218 - 2607?
-378
In base 8, what is 6 + -20123320?
-20123312
In base 10, what is 67330 + 1105?
68435
In base 10, what is 6 + 57289042?
57289048
In base 10, what is 3 + -5081512?
-5081509
In base 2, what is -110101111100101 - 1010001000010?
-1000000000100111
In base 6, what is 5 + -532220300?
-532220251
In base 15, what is -2e64 - 2d955?
-318b9
In base 11, what is 3934 - 16a8a?
-13156
In base 6, what is -13144041143 + -11?
-13144041154
In base 13, what is -6 + -24c0c7?
-24c100
In base 8, what is -564244 - -125?
-564117
In base 10, what is -3714950 + 23?
-3714927
In base 9, what is -433 + -32110?
-32543
In base 13, what is 2409 + 16c8?
3b04
In base 7, what is 3 + -64134350?
-64134344
In base 7, what is -15 - -14114524?
14114506
In base 8, what is 3 - -7131544?
7131547
In base 3, what is -2 + 11121000010110212?
11121000010110210
In base 4, what is -113223210 - -131310?
-113031300
In base 13, what is -1 - -25778003?
25778002
In base 9, what is -3147 + 207?
-2840
In base 7, what is 12 + -4615?
-4603
In base 16, what is -1076b - 9c?
-10807
In base 5, what is 3 + -33101111033?
-33101111030
In base 7, what is 2053 + 15114542?
15116625
In base 14, what is -15149 - -10?
-15139
In base 16, what is -2d - -5cdd7f?
5cdd52
In base 4, what is -1010031132 - 2?
-1010031200
In base 3, what is -122011 + 21122102102?
21121210021
In base 5, what is 4232 - 1331440?
-1322203
In base 10, what is -4 - -62697619?
62697615
In base 14, what is 29 - -61b50?
61b79
In base 9, what is 67444 + -208?
67235
In base 9, what is -25350 - 3?
-25353
In base 10, what is -12 - -17229973?
17229961
In base 3, what is -202200010 + -22100012?
-1002000022
In base 14, what is 1bd531 - 0?
1bd531
In base 10, what is 4234 - -10618?
14852
In base 2, what is 101 + -111001001110001110?
-111001001110001001
In base 10, what is 287936 - 1678?
286258
In base 2, what is -11 + 110100010000111110001000001?
110100010000111110000111110
In base 15, what is -38 - 1ead0ee?
-1ead137
In base 13, what is -2996 - 261?
-2c27
In base 15, what is -3 - -8d6a983?
8d6a980
In base 12, what is 1401 + -775b4?
-761b3
In base 7, what is 36 - -11620160?
11620226
In base 11, what is -462826 + 7?
-46281a
In base 13, what is 7 + -39bb7c?
-39bb75
In base 7, what is 2 - 360551106?
-360551104
In base 12, what is 6a449529 - 0?
6a449529
In base 4, what is -33 - -320113030?
320112331
In base 13, what is 42 + -112971a?
-11296a8
In base 7, what is -3513 - 25234?
-32050
In base 8, what is 17333507521 - 4?
17333507515
In base 13, what is a91a638 + 4?
a91a63c
In base 10, what is 1354847 - -3?
1354850
In base 6, what is -10245255 - -3340?
-10241515
In base 11, what is 69a85a2 - 2?
69a85a0
In base 11, what is -1 - -1267016?
1267015
In base 14, what is 136 + 45447?
4557d
In base 8, what is -12 - -42256736?
42256724
In base 3, what is -1112210022 + 1012?
-1112202010
In base 9, what is -1154603 + 2?
-1154601
In base 8, what is 202 - -126503?
126705
In base 13, what is 854 + -2232?
-16ab
In base 7, what is -1216210 - 40?
-1216250
In base 8, what is 12 + 13320256?
13320270
In base 12, what is 4950 - 54488?
-4b738
In base 6, what is -31550 - 20234?
-52224
In base 11, what is 0 - -100366294?
100366294
In base 13, what is -9 - b707c?
-b7088
In base 2, what is 100101011010011 + 10101101010?
101000000111101
In base 2, what is 10000100 - -111010011111010?
111010101111110
In base 6, what is 130 - 1413352?
-1413222
In base 8, what is 5 + 4133156?
4133163
In base 11, what is -131527836 - 2?
-131527838
In base 14, what is -39c + 26b8?
231a
In base 9, what is -1 - -48171467?
48171466
In base 6, what is 520031234 - 5?
520031225
In base 15, what is 138b43 + 77?
138bba
In base 9, what is 850127824 + 3?
850127827
In base 2, what is 11 - 100101000110111000011001?
-100101000110111000010110
In base 15, what is -525a - -139ec?
d792
In base 9, what is 180768368 + -1?
180768367
In base 14, what is -2 + 14a7610d?
14a7610b
In base 5, what is -1312 - 43314?
-100131
In base 5, what is -11401234232 + 2?
-11401234230
In base 14, what is -1cb8d9d + -6?
-1cb8da5
In base 8, what is 51665450 + -5?
51665443
In base 12, what is 1bb64a - -1904?
201352
In base 14, what is -4 + 12aada5?
12aada1
In base 9, what is -133525611 + 14?
-133525586
In base 8, what is -261 + 734645?
734364
In base 15, what is -8b0ee - 5?
-8b104
In base 2, what is 1001000000011101000010100101 - -100?
1001000000011101000010101001
In base 9, what is 754740 + 5?
754745
In base 13, what is 4 + -7093bc?
-7093b8
In base 16, what is -12d5031 - -3?
-12d502e
In base 10, what is -30632 + -120?
-30752
In base 8, what is -26356 + -21577?
-50155
In base 9, what is -5876470 - -101?
-5876368
In base 15, what is 57154 + 1d?
57172
In base 16, what is e - -5268b?
52699
In base 10, what is 11 + -8588176?
-8588165
In base 14, what is 12c - -a29695?
a297c3
In base 14, what is -1550 - -16c24?
156b4
In base 12, what is -896 - a94b8?
-aa192
In base 13, what is 17235 + 254?
17489
In base 6, what is -41000 + -235340?
-320340
In base 5, what is 1 - 410422213421?
-410422213420
In base 8, what is -102250 + 136?
-102112
In base 2, what is -10010010111110010000000 + 100?
-10010010111110001111100
In base 12, what is 57b - 7ab70?
-7a5b1
In base 13, what is 55 + -19c2b5?
-19c260
In base 10, what is -296 - -8350?
8054
In base 8, what is -443 + 3410?
2745
In base 13, what is -3c9296c + b?
-3c92961
In base 14, what is 8 - -118967c?
1189686
In base 6, what is 43553452 - 13?
43553435
In base 13, what is 6cc0 - -38?
7028
In base 10, what is -19762 + 195?
-19567
In base 10, what is 620 + 77843?
78463
In base 16, what is a1 - -1c96cf?
1c9770
In base 3, what is -11001 + -120221000221?
-120221011222
In base 3, what is -2111002210 + 20212?
-2110211221
In base 10, what is 8 - 318315?
-318307
In base 9, what is 3 - 2216772?
-2216768
In base 12, what is 27090 + 3?
27093
In base 7, what is -112352 - -101604?
-10445
In base 5, what is 1334 + 43444224?
44001113
In base 15, what is -2d10c6eb + 1?
-2d10c6ea
In base 3, what is 20212121 - 110012120?
-12022222
In base 10, what is -306031 - -1661?
-304370
In base 10, what is -23091 + 12057?
-11034
In base 13, what is 6759 + -1454?
5305
In base 11, what is -9037 + -656?
-9692
In base 15, what is -309 + -1401?
-170a
In base 3, what is -22022222012202112 - 102?
-22022222012202221
In base 12, what is -37b + -97384a?
-974009
In base 7, what is -25 + 462340?
462312
In base 16, what is d7e104 + -3?
d7e101
In base 9, what is 42 - 33074?
-33032
In base 2, what is 10111001010001 + 101101100111110?
1000100110001111
In base 7, what is -33450 - -102210?
35430
In base 5, what is -1131043 + -324240?
-2010333
In base 11, what is -4 + a41085?
a41081
In base 10, what is 0 + -6079871?
-6079871
In base 8, what is -175 - 10471561?
-10471756
In base 9, what is -613 + -51416?
-52130
In base 3, what is -2001201221 + 100?
-2001201121
In base 9, what is 31367 - -367?
31